/(-24))?
2
Suppose -f + 25 = 4*f - 2*k, 0 = f - 5*k - 5. Suppose f*s - 4*a - 155 = -0*a, 4*s - 150 = -2*a. What is the tens digit of s?
3
What is the hundreds digit of (16/(-6))/(9/((-79272)/16))?
4
Let b(r) = -r**3 + 8*r**2 + 8*r + 1. Let w be b(7). What is the tens digit of w - 1 - (-2 + (-4 - -7))?
0
Let g be 1174/(-6) + 1 + 5/(-15). Let v = g - -378. What is the hundreds digit of v?
1
Suppose 2*z = 5*n + 2186, 0 = -3*n - 4 - 2. What is the units digit of z?
8
Let r = 3 + -7. Let o(b) = 9*b + 6. Let f(j) = -17*j - 11. Let v(u) = r*f(u) - 7*o(u). What is the units digit of v(3)?
7
Suppose 19*k = 23906 + 52246. What is the units digit of k?
8
Let j(l) be the second derivative of 0 - 1/20*l**5 - 1/12*l**4 + l**2 + 0*l**3 - 8*l. What is the units digit of j(-4)?
0
Suppose 0 = -5*o + o + 2*t + 1958, 0 = 4*t + 20. What is the hundreds digit of o?
4
What is the hundreds digit of (502/(-8))/((-1)/28)?
7
Suppose -3*h = a - 90, -250 = -3*a - h + 2*h. Suppose -o = -5*o + a. Let u = -18 + o. What is the units digit of u?
3
Let d = -35 - -31. Let s(v) = 4*v**2 + 5*v + 6. What is the tens digit of s(d)?
5
Suppose -32*d + 71050 = 17*d. What is the tens digit of d?
5
Suppose 4*q + 9 = 5. Let t be (-1 - 6) + q + 0. Let w = 10 + t. What is the units digit of w?
2
Let m be -3 - -34*21/6. Suppose p + p - m = 0. Let k = p + -19. What is the units digit of k?
9
Let d = 8 + -15. Let g = d + 7. Suppose g*l = 2*l - 4. What is the units digit of l?
2
Let p(r) = r**3 + 4*r**2 - r + 1. Let f be p(-4). Suppose 5*a = -f, n - 2*a - 65 = -4*a. What is the units digit of n?
7
What is the tens digit of 4101/9 + 16/(-24)?
5
Let v = -78 - -80. Suppose 0 = -j - 4, 2*f + v*j - 82 = 120. What is the units digit of f?
5
Let w(x) = 543*x + 97. What is the hundreds digit of w(4)?
2
Let q = 3813 + -1779. What is the units digit of q?
4
Let v(q) = 2*q**3 + 6*q**2 - 3*q - 6. Let t be v(-3). Suppose -t*p = 3*h + p - 187, 3*p = 5*h - 273. What is the tens digit of h?
5
What is the tens digit of 3/(-4) - (2553/(-12) - 0)?
1
Let s(a) = 3*a**2 + 17*a - 24. Let d(w) = -6*w**2 - 34*w + 47. Let n(l) = 4*d(l) + 9*s(l). What is the units digit of n(-13)?
8
Let m(n) = -n**2 + 2 + 12*n - 6*n - 3*n + n**3. Let p be m(4). Suppose 2*v - i = 124, -2*i - p = -v - 7*i. What is the tens digit of v?
6
Let i(t) be the third derivative of t**6/120 - t**5/20 - t**4/8 + 3*t**3/2 - 7*t**2. What is the tens digit of i(4)?
1
Let r be (1 + 3)*(-15)/4. Let p be 10/r - 4/(-6). What is the units digit of -5*(p/(-4) - 1)?
5
What is the hundreds digit of 12295/40 + 12/(-32)?
3
Suppose 319 = c + 3*l, 14*l - 9*l = -c + 319. What is the units digit of c?
9
Suppose 6*w = 11 + 1. Suppose -24 = -5*s - w*g, -s - 2*s - 2*g = -16. Suppose s*i = 5*i - 34. What is the units digit of i?
4
Suppose -3*o - o = o. Let k(h) = 2*h - 6. Let f be k(5). Suppose -f*c + 35 - 3 = o. What is the units digit of c?
8
Let d(g) = g**3 - 5*g**2 + 46*g - 19. What is the units digit of d(13)?
1
Let h(d) = -7*d**3 - 4*d**2 - 4*d. Let k be h(-3). Suppose -2*a + k = -47. Suppose x - a = -3*j - j, 3*x = -6. What is the tens digit of j?
2
Suppose 1484 = -24*z + 4772. What is the hundreds digit of z?
1
Let u = -25 + 21. Let m(n) = -n**3 - n**2 + 2*n + 9. What is the units digit of m(u)?
9
Let m(u) = u**2 + 6*u + 6. Let h be m(-4). Let l be 1/(-2) + (-19)/h. Suppose -3*s = -p - 1 + 2, p = s + l. What is the units digit of p?
3
What is the units digit of 6952/18 + (-30)/135?
6
Let z = -60 + 96. Let q = 75 - z. What is the units digit of q?
9
Suppose p - 178 = -5*u, -4*p = -p - 9. What is the tens digit of 855/u + 8/14?
2
Let d be 1 + 3/5 + 4/10. Suppose -d*t - 31 = -89. What is the tens digit of t?
2
Suppose 4*c + 2*c + 282 = 0. Let o = c + 95. What is the units digit of o?
8
Suppose 2*m = 3*u + m + 1, -4*m = -5*u + 10. Let h = u - -85. What is the tens digit of h?
8
Let g(z) = 2*z**2 - 46*z + 14. Let f be g(23). Suppose 2*l + 3*h = 72, h = -l + f + 22. What is the tens digit of l?
3
Let n be 2 - (1 - (0 + 3)). Suppose n*t + 2*p = -p + 321, 0 = 5*t - 4*p - 409. Let g = -57 + t. What is the units digit of g?
4
Let y(r) be the first derivative of -2*r**2 - 34*r - 31. What is the units digit of y(-20)?
6
Suppose 4*n = -4, 3*i - 10 = 3*n - 2*n. What is the units digit of 32/48 - (-1)/i?
1
Let v = 2337 - 2078. What is the hundreds digit of v?
2
Let o be (-7 - -1)/((15/81)/(-5)). Let m = o - 93. What is the units digit of m?
9
Suppose -6*l - 26 = -2. Let o be 354 + 2/l*8. What is the tens digit of (-6)/(-9) + o/6?
5
Let b(w) = -46*w - 22. Let d be b(-22). Suppose -5*l - 7*j + 1244 = -5*j, -j = -4*l + d. What is the hundreds digit of l?
2
Suppose 8*g - 30 = 5*g. What is the units digit of (-4 + -1)*(-186)/g?
3
Let f be (-3 - (-38)/2) + 4. Let c = 85 - f. What is the units digit of c?
5
What is the units digit of ((-12)/12)/(4/(-3252)*1)?
3
Suppose 2*g + 2*g = 96. Let b be (-3)/((-78)/(-4)) + (-14)/(-91). Suppose b = -3*c + c - 4*i + g, -4*i = -5*c + 46. What is the units digit of c?
0
Let j be ((-10)/(-40))/(2/568). Suppose -3*f - 41 = -4*f + 3*h, j = 3*f + 4*h. Let u = f + -22. What is the units digit of u?
7
Suppose -q - 3*a = 12, -2*q + 4*a - 23 = 1. Let s be (4 - (-56)/q)*-309. Suppose -5*v + 4*r = -344, v = 4*v - 2*r - s. What is the units digit of v?
8
Let q = 1228 - 819. What is the hundreds digit of q?
4
Let r be (3 + -4)/(3/(-18)). Suppose f - 4 = r. Suppose -15 = -3*j - 0*j + 2*i, -f = -2*j + 3*i. What is the units digit of j?
5
Let z = 27 + -25. Suppose -z*d + 101 = -21. What is the units digit of d?
1
Suppose 0 = 122*o - 108*o - 2674. What is the hundreds digit of o?
1
Let z(q) = 4*q**2 - 12*q - 58. What is the hundreds digit of z(11)?
2
Let o = 39 - 34. Suppose 0 = 5*l - 5*b + 2 - 72, b = o*l - 86. What is the units digit of l?
8
Suppose 313 = -3*t + 1369. What is the hundreds digit of t?
3
Let q = 112 + -61. Let n = 134 - q. What is the units digit of n?
3
Suppose -3*z = -10*z - 2499. What is the units digit of (4/(-3))/(14/z)?
4
Let t be 4/(-1) - (2 + 10). What is the tens digit of 4/t - 218/(-8)?
2
Suppose -2*m - 21 + 27 = 0. Suppose 0 = 2*s - 0*z - m*z - 42, -5*z = -10. What is the tens digit of s?
2
Let i(y) = -4*y**2 - 7*y - 5. Let v(u) = -3*u**2 - 7*u - 5. Let b(x) = 2*i(x) - 3*v(x). Let m be b(-7). What is the units digit of ((-12)/(-6))/(2/m)?
5
Suppose 3*z + 5*k = -1031 + 3274, -3*k - 3795 = -5*z. Suppose 2*j = -4*j - z. What is the units digit of (j/15)/3*-10?
8
Suppose 2*q - 5*q + 48 = 0. Let u(b) = 4*b - 10. What is the units digit of u(q)?
4
Let l(p) = p. Let x(a) be the second derivative of -5*a**3/6 + 2*a**2 + 6*a. Let t(z) = 4*l(z) - x(z). What is the tens digit of t(4)?
3
Suppose 4*n + 3*s = 8*n - 1889, 5*n + 3*s - 2368 = 0. Let i = -297 + n. What is the units digit of i?
6
Let u = -19 - -11. Let j be (-8)/2 - u/(-4). What is the units digit of 4/j - (-99)/27?
3
Suppose 4*z + 4*n + 42 = 266, 118 = 2*z + 5*n. Suppose 0 = -3*l - 0*l + z. What is the units digit of ((-14)/4)/((-9)/l)?
7
Let q(g) = g**2 - 5*g + 6. Let l = -5 + 9. Let y = l - -1. What is the units digit of q(y)?
6
Suppose m - 54 = -8*m. Suppose d = -3*x - m + 198, -3*x + 4*d = -207. What is the tens digit of x?
6
Suppose -3*i - 8 = -6*i + 5*l, -3*i + 4 = -4*l. Suppose 3*g + 3*w = -24, 0*g = 5*g - w + 28. What is the tens digit of (176/12)/(i/g)?
2
Suppose l - 16 = -3*l. Suppose -3*t - l*g + 125 = -9*g, 5*g + 55 = t. What is the units digit of t?
5
Let y = -71 - -651. What is the hundreds digit of y?
5
Let i = -2535 + 6170. What is the tens digit of i?
3
Let u be 1 - -2 - 0/(-1). Let n(c) = 3*c - 2. Let w be n(u). Suppose -k + 39 - w = 0. What is the tens digit of k?
3
Let j(w) = w**3 + 17*w**2 - 13*w + 16. What is the tens digit of j(5)?
0
What is the tens digit of ((-6)/(-4))/(-10*4/(-21040))?
8
Suppose -176*x + 182*x - 4434 = 0. What is the hundreds digit of x?
7
Suppose 153*s - 4580 = 149*s. What is the units digit of s?
5
Suppose -3*y = 6*y - 2772. What is the hundreds digit of y?
3
Let c(y) be the second derivative of -3*y**5/10 + y**4/12 - y**2/2 + 7*y. Let v be c(-1). What is the units digit of (-1048)/(-24) - (-2)/v?
4
Let a(u) = -u**3 - 12*u**2 - 11*u - 1. Let b be a(-11). Let g be 4 + b + 5/(-5). Suppose 9 + 25 = g*i. What is the units digit of i?
7
Let k 